{"id":399,"date":"2019-03-04T13:21:23","date_gmt":"2019-03-04T13:21:23","guid":{"rendered":"https:\/\/tweelinck.nl\/?page_id=399"},"modified":"2025-09-23T11:47:17","modified_gmt":"2025-09-23T11:47:17","slug":"werelden-verbinden-met-wij-groningen","status":"publish","type":"page","link":"https:\/\/tweelinck.nl\/?page_id=399","title":{"rendered":"Werelden verbinden met WIJ"},"content":{"rendered":"\n<p style=\"font-size:17px\"> WIJ Groningen verbindt mensen en organisaties &#8220;zodat iedere Groninger erbij hoort en mee kan doen&#8221;. Tweelinck helpt mee verbinden &#8220;door goede afstemming met partners en effectieve sturing van de organisatie&#8221;. <\/p>\n\n\n\n<p style=\"font-size:17px\">Ter invulling van haar missie organiseert WIJ Groningen inspiratiebijeenkomsten met partners. Tweelinck helpt ze vorm te geven. Vertegenwoordigers van bewoners-, zorg-, onderwijs-, huisvesting- en overheidsorganisaties gaan met elkaar in gesprek. De vragen zijn eenvoudig. Welke thema&#8217;s verdienen onze aandacht? Hoe loopt de samenwerking? Wat zijn verbindende principes? Welke afspraken maken we? Paul Passchier van Tweelinck gaat als voorzitter op zoek naar vruchtbare antwoorden.<\/p>\n\n\n\n<p style=\"font-size:17px\">Tevens werkt Tweelinck aan een prikkelende opdracht rond de besturing van WIJ Groningen. Met zo&#8217;n onderwerp heb je het natuurlijk snel over PDCA-cycli, BOB-modellen en andere methodieken. Reuze handig om orde te scheppen. Soms echter genieten we zo van alle (afkortingen en) structuur dat we dreigen te verdrinken in deze abstracte &#8216;systeemwereld&#8217;. Bijna vergeten we dat we iets willen betekenen voor concrete mensen en hun &#8216;leefwereld&#8217;. Het is van groot belang dat ook deze werelden verbonden blijven. Als geheugensteun, methodieken \u00e9n inspiratie (van the Ocean Cleanup) in \u00e9\u00e9n plaatje. <\/p>\n","protected":false},"excerpt":{"rendered":"<p>WIJ Groningen verbindt mensen en organisaties &#8220;zodat iedere Groninger erbij hoort en mee kan doen&#8221;. Tweelinck helpt mee verbinden &#8220;door goede afstemming met partners en effectieve sturing van de organisatie&#8221;. Ter invulling van haar missie organiseert WIJ Groningen inspiratiebijeenkomsten met partners. Tweelinck helpt ze vorm te geven. Vertegenwoordigers van bewoners-, zorg-, onderwijs-, huisvesting- en overheidsorganisaties &hellip; <\/p>\n<p class=\"link-more\"><a href=\"https:\/\/tweelinck.nl\/?page_id=399\" class=\"more-link\">Lees verder <span class=\"screen-reader-text\">&#8220;Werelden verbinden met WIJ&#8221;<\/span><\/a><\/p>\n","protected":false},"author":2,"featured_media":0,"parent":0,"menu_order":0,"comment_status":"closed","ping_status":"closed","template":"","meta":{"footnotes":""},"class_list":["post-399","page","type-page","status-publish","hentry","entry"],"_links":{"self":[{"href":"https:\/\/tweelinck.nl\/index.php?rest_route=\/wp\/v2\/pages\/399","targetHints":{"allow":["GET"]}}],"collection":[{"href":"https:\/\/tweelinck.nl\/index.php?rest_route=\/wp\/v2\/pages"}],"about":[{"href":"https:\/\/tweelinck.nl\/index.php?rest_route=\/wp\/v2\/types\/page"}],"author":[{"embeddable":true,"href":"https:\/\/tweelinck.nl\/index.php?rest_route=\/wp\/v2\/users\/2"}],"replies":[{"embeddable":true,"href":"https:\/\/tweelinck.nl\/index.php?rest_route=%2Fwp%2Fv2%2Fcomments&post=399"}],"version-history":[{"count":8,"href":"https:\/\/tweelinck.nl\/index.php?rest_route=\/wp\/v2\/pages\/399\/revisions"}],"predecessor-version":[{"id":2908,"href":"https:\/\/tweelinck.nl\/index.php?rest_route=\/wp\/v2\/pages\/399\/revisions\/2908"}],"wp:attachment":[{"href":"https:\/\/tweelinck.nl\/index.php?rest_route=%2Fwp%2Fv2%2Fmedia&parent=399"}],"curies":[{"name":"wp","href":"https:\/\/api.w.org\/{rel}","templated":true}]}}